8. Let x be d(m). Calculate the highest common divisor of x and 112.
16
Let x(f) = f**2 - f + 49. Let t be x(0). Suppose -25 = 2*d + 3*d. Let v = d + 12. What is the greatest common factor of v and t?
7
Let o = 28 + -9. Let t be (-4)/6 + (-401)/(-3). What is the greatest common factor of o and t?
19
Suppose 4*z - 19 = 3*z. Calculate the greatest common factor of 57 and z.
19
Suppose 0 = -4*o + 3*o + 33. Suppose -x + 2 = -5*y + 14, 5*x - 15 = 0. Suppose -4*m = -6*m - 10, 59 = 4*v - y*m. What is the highest common factor of o and v?
11
Let c be (-1 - -1)*(-7)/(-7). Suppose v - u = 52, c*u - 88 = -2*v - 2*u. What is the greatest common factor of 12 and v?
12
Let p(d) = d**2 + 10*d + 15. Let w be p(-6). Let r be -3*(2 - (-102)/w). Calculate the greatest common divisor of 7 and r.
7
Let i be 44/4 + 4/(-2). Let y = i + -7. Calculate the greatest common factor of 22 and y.
2
Let b(o) = 6 + 3*o - 4 + o**2 - 5. Let p be b(2). Let k = 73 + p. Calculate the highest common factor of k and 10.
10
Let t be 2 + ((-9)/(-6))/(3/18). Calculate the highest common divisor of 44 and t.
11
Let o(q) be the second derivative of 2*q + 1/4*q**4 + 0 + 3/2*q**2 + 1/6*q**3 - 1/20*q**5. Let r be o(3). What is the greatest common factor of 54 and r?
6
Suppose -3*f = 4*i - 74, -71 = -4*f + 5*i + 69. What is the highest common divisor of f and 6?
6
Let v be ((-3)/2)/(9/(-42)). Let p = 13 - v. Suppose -p*d = -3*d - 24. What is the highest common divisor of d and 56?
8
Suppose -z - 8 = 5*b, -5*b + 3*b = -2*z + 20. Calculate the highest common factor of 49 and z.
7
Suppose -27 = -4*t + 117. Let j(l) = -l - 7. Let h be j(-9). Suppose 0 = -h*y - 4, 0 = w - 2*w + 3*y + 96. Calculate the greatest common divisor of w and t.
18
Let g = -147 - -273. Calculate the highest common factor of g and 18.
18
Let n be 141/12 - (2 - 27/12). Let v be (-1)/((5/(-18))/5). What is the highest common divisor of v and n?
6
Let g = 52 - 31. Suppose 4*u - 12 = 3*v, -v - 3*u + 2 + 7 = 0. Let t = 3 + v. Calculate the highest common factor of t and g.
3
Suppose -2*z + 123 + 487 = 0. Suppose -247 = -4*r - 3*k, -5*k = -r + 6*r - z. Let l = -6 + 14. Calculate the highest common divisor of r and l.
8
Let a be (-1)/(-4) - (-148)/(-16). Let q be 9 - 7/(21/a). What is the highest common divisor of q and 36?
12
Let y be (55/5)/(2/10). What is the greatest common divisor of y and 22?
11
Suppose 5*g - 40 = -3*g. Calculate the greatest common factor of 20 and g.
5
Let p = 21 - 10. Suppose 0 = -m + p + 1. Calculate the greatest common divisor of 36 and m.
12
Let t(c) be the first derivative of -c**3/3 - 9*c**2/2 - 3*c - 1. Let r be t(-6). Calculate the greatest common divisor of 6 and r.
3
Let c be (18/15)/(2/40). Let r(m) = -3*m - 3. Let k be r(-2). Suppose k*j - 48 = -j. Calculate the greatest common factor of c and j.
12
Suppose -w - 4*x = -2*x - 196, -4*w = -5*x - 797. Suppose -2*v - v = -w. Let q be (-1 - 0)/((-1)/v). Calculate the greatest common factor of 6 and q.
6
Let o be 10/(-4)*2*-11. Suppose 0 = -3*m + 4*m - o. Calculate the greatest common factor of m and 11.
11
Let a = 103 + -59. Suppose 0 = 3*n - w - 2, 3*w - 6 = -n - 2*w. Suppose -x + 10 + n = 0. What is the greatest common factor of x and a?
11
Let j be (5 - 8) + 16*3. Suppose -4*n + 6 = -n. Suppose 0*m = -n*m + 10. Calculate the greatest common factor of m and j.
5
Let t be (0 - -1)/(-1) - 6. Suppose r - 2*r = 11. Let p = t - r. What is the highest common factor of 16 and p?
4
Suppose f = -5*r + 2*r + 25, -2*r + 22 = 2*f. Suppose -3*n - 18 = -5*n - 4*k, -4*k - 33 = -n. Let w = r + n. Calculate the highest common factor of 12 and w.
12
Let u = 1 + 7. Calculate the highest common factor of 24 and u.
8
Suppose 166 = 4*f - 98. Suppose f = 4*t - 14. Suppose t = 2*b - 0. Calculate the highest common divisor of 1 and b.
1
Let t = 70 - 34. Let n = 5 + 7. What is the highest common factor of t and n?
12
Let g(l) = l**3 - 5*l**2 + 2*l + 4. Let c be g(3). Let m(x) = x**2 + 5*x - 6. Let y be m(c). Calculate the greatest common divisor of 27 and y.
9
Let z(p) = p + 20. Let n be z(0). Let i be (-264)/(-15) - (-8)/n. What is the greatest common factor of i and 108?
18
Let i = -50 + 56. Let q(u) = u**3 + 2*u**2 + 4*u - 3. Let f be q(3). Calculate the highest common divisor of i and f.
6
Suppose -7*s + 6 = -5*s. Let c be 65/3 + (-2)/s. What is the highest common factor of 21 and c?
21
Suppose 0*c + c = 6. Let f be 4/(-14) - 30/42. Let k = c + f. Calculate the highest common divisor of k and 40.
5
Suppose -c - 11 = -5*l, -c + 34 = -3*l + 7*l. Let u be -4*2/((-16)/c). Suppose -4 - 3 = -n. Calculate the greatest common divisor of u and n.
7
Let u = 149 + -83. Calculate the highest common divisor of u and 6.
6
Suppose 2*z - 9 = -3*n + 5*z, -n = 4*z - 8. Let v = 26 - 14. Let w = v - n. Calculate the greatest common divisor of 16 and w.
8
Let w be (1 + 2)*6/(-9) + 32. Calculate the greatest common divisor of w and 12.
6
Let r(g) = 3*g - 3. Let l be r(2). Suppose 2*c - m - 25 = 0, -l*c - 2*c - 3*m + 90 = 0. Let h = c - -2. Calculate the greatest common divisor of 68 and h.
17
Let t be (9/6)/((-3)/(-16)). Suppose z - 66 = -3*d, -2*z + 4*d = -54 - 98. Calculate the greatest common divisor of t and z.
8
Suppose 4*h + 4 = s, -3*h - 23 = -4*s - 7. Suppose 0*n + 3*n + 108 = h. Let p be 35/4 + (-9)/n. Calculate the greatest common factor of p and 27.
9
Let y = -110 - -132. Calculate the highest common divisor of 2 and y.
2
Let i = -110 - -154. Suppose -16 = -4*c + i. Let b be 5*5*9/c. What is the greatest common divisor of 135 and b?
15
Let k = -2 - -7. Suppose 57 = 4*i - k*r, i + 2*r = 23 + 1. What is the highest common divisor of i and 162?
18
Suppose -2*x = 3*x - 100. Let y be 305/x - 1/4. What is the highest common divisor of y and 75?
15
Let b be 15 + 0*(3 + -2). Calculate the greatest common divisor of 105 and b.
15
Let d be (0 + 1)/(3/(-99)*-3). What is the highest common factor of 132 and d?
11
Let m = -7 - -5. Let j = 34 - m. Suppose 0*p - j = -4*p. What is the greatest common factor of p and 9?
9
Suppose 0 = 2*w - 0*w + 4*q - 196, 0 = 3*w - 3*q - 294. Let t = w - 66. What is the highest common divisor of t and 8?
8
Let z = 52 + -36. Let y be z - (3/(-1) - -1). What is the highest common factor of 90 and y?
18
Suppose -r - 4*z = -18, -3*r - 2*z + 43 = -z. Calculate the greatest common divisor of r and 56.
14
Suppose 5*p = -4*z + 78, -5*p + 3*z = 19 - 118. Suppose 36 = -5*l + 9*l. What is the greatest common factor of l and p?
9
Let i be (-276)/(-8)*64/6. Suppose 6*n - i = 4*n. Calculate the highest common factor of n and 23.
23
Let y(g) = -7*g - 1. Let l be y(-1). Calculate the highest common divisor of l and 66.
6
Let h be (-3)/(6/4) - -38. Let y be -1 + -6 + (-2)/(-2). Let t = y + 18. What is the highest common factor of t and h?
12
Let r = -8 - -8. Suppose r = -3*g + 3*f - 6, 2*g - 4*f = -3*g - 6. Suppose u + g*u = 21. What is the highest common divisor of u and 56?
7
Suppose g + 12 - 57 = 0. Calculate the greatest common divisor of g and 30.
15
Suppose -n + 24 + 4 = 0. Suppose -5*v + n = r + r, -r + 8 = v. Let w be 226/8 - (-1)/(-4). What is the greatest common divisor of w and r?
4
Let j be ((-63)/9)/(1 - (-14)/(-12)). Calculate the highest common divisor of j and 210.
42
Let l = -99 - -102. Suppose -2*m + 3*m - 8 = -2*v, -5*v + m = -6. Let p = v - 0. Calculate the highest common factor of p and l.
1
Let c be 70/15*6/2. Let y = c + -7. Calculate the greatest common factor of 77 and y.
7
Let h(l) = -2*l + 2. Let n(t) = 3*t + 1. Let q be n(-2). Let c be h(q). Calculate the greatest common factor of c and 132.
12
Suppose -4*w = 5*h - 9, 0 = 5*h + w - 3*w - 33. What is the highest common factor of 1 and h?
1
Let x be (-150)/9*3/(-2). Calculate the greatest common divisor of 200 and x.
25
Let l(t) = 2*t**2 - 2 + 7*t + 0 - 1 - 2. Let q be l(5). Calculate the highest common factor of q and 20.
20
Suppose 0 = 5*p - 15 - 15. What is the greatest common divisor of 42 and p?
6
Let j(g) = 13*g - 22. Let t be j(4). Calculate the greatest common divisor of t and 105.
15
Let y(c) = 3*c - 7. Let n be y(4). Calculate the greatest common factor of 35 and n.
5
Let b(f) = 3*f**2 + 8*f. Suppose p - 20 = -3*p. Suppose -2*s = -p*q - 24, 3*s = 2*q + 5*s + 18. Let y be b(q). What is th